lculate z(32).
-247
Let x(v) = 1387*v**2 + 40*v - 40. Give x(1).
1387
Let c(i) = -2430*i + 17064. Calculate c(7).
54
Let c(l) = l**3 + 55*l**2 + 108*l - 1587. Calculate c(-7).
9
Let z(g) = 6412169*g - 25648673. Determine z(4).
3
Let l(q) = 4*q**2 - 201*q + 1489. What is l(9)?
4
Let h(y) = y**3 + 188*y**2 - 1596*y - 5269. What is h(-196)?
219
Let r(v) = 85452*v - 683614. What is r(8)?
2
Let y(w) = -61*w**2 - 3566*w - 3568. Calculate y(-1).
-63
Let h(p) = 55*p**3 + 3*p**2 + 25*p - 66. Give h(2).
436
Let f(l) = -41*l**2 - 485*l - 2025. Calculate f(-4).
-741
Let t(j) = 2*j**3 + 47*j**2 + 31*j - 343. Calculate t(-23).
-527
Let w(l) = -5*l**3 - 36*l**2 - 642*l - 4516. Calculate w(-7).
-71
Let r(v) = v**3 - 55*v**2 - 639*v + 60. Calculate r(-10).
-50
Let d(n) = -1774*n + 77383. Give d(44).
-673
Let l(d) = d**3 + 98*d**2 + 363*d - 310. Calculate l(-94).
912
Let u(y) = 8*y**2 + 1727*y + 82916. What is u(-72)?
44
Let d(o) = -o**3 + 25*o**2 - 150*o + 159. Determine d(14).
215
Let f(x) = -2*x**3 - 78*x**2 + 59*x + 2233. Give f(-39).
-68
Let g(l) = 2*l**3 + 969*l**2 + 23842*l + 7. Give g(-26).
7
Let y(g) = 2*g**2 + 12876*g + 5948873. Calculate y(-501).
-1
Let d(z) = -z**3 - 16*z**2 + 23*z + 363. Give d(-16).
-5
Let t(h) = -123*h**2 - 96*h + 30. What is t(-1)?
3
Let t(v) = 325*v**3 + 26*v**2 + 64*v + 34. Determine t(-2).
-2590
Let k(w) = 7*w**2 - 348*w + 2153. What is k(25)?
-2172
Let i(v) = v**3 + 69*v**2 + 590*v + 9660. Determine i(-62).
-12
Let j(w) = -4*w**3 - 35*w**2 - 20*w - 45. Determine j(-9).
216
Let k(x) = x**3 - 46*x**2 + 54*x - 2317. What is k(46)?
167
Let w(j) = 4733170*j + 18932674. Determine w(-4).
-6
Let v(l) = 7886*l + 13768961. What is v(-1746)?
5
Let p(v) = 4*v**3 + 398*v**2 - 199*v + 229. Calculate p(-100).
129
Let n(z) = z**3 - 10*z**2 + 34*z - 133. Calculate n(9).
92
Let m(o) = -o**3 - 56*o**2 + 69*o - 143. Determine m(-57).
-827
Let x(g) = 10022*g + 280616. Determine x(-28).
0
Let c(s) = 156*s - 1776. Determine c(14).
408
Let a(n) = -332*n - 18201. Give a(-55).
59
Let j(v) = 68*v**2 - 274*v - 56. Calculate j(4).
-64
Let w(f) = -3*f**3 - 18*f**2 + 129*f + 57. Calculate w(-13).
1929
Let n(h) = 2*h**2 + 369*h - 51411. Give n(-277).
-166
Let f(a) = 3*a**3 + 10*a**2 + 55*a + 157. Give f(-4).
-95
Let g(r) = -3*r**2 - 413*r + 9825. Determine g(23).
-1261
Let v(p) = p**2 + 342*p + 18785. What is v(-69)?
-52
Let f(p) = -p**2 - 55088*p + 55087. Determine f(1).
-2
Let v(h) = -279*h - 299923. Determine v(-1075).
2
Let b(q) = 8*q**2 - 90*q - 4. Determine b(15).
446
Let p(j) = 1126*j - 6636. Determine p(6).
120
Let v(g) = -g**3 - 12*g**2 - 348*g - 1973. What is v(-6)?
-101
Let k(u) = u**3 - 1083*u**2 + 3408*u - 3690856. Determine k(1083).
8
Let c(t) = -7907*t - 474399. What is c(-60)?
21
Let k(y) = -13*y**2 - 2812*y - 14548. Determine k(-211).
11
Let q(n) = -2*n**2 + 256*n - 278. Give q(1).
-24
Let g(w) = 2*w**2 - 226646*w - 2039912. Give g(-9).
64
Let a(p) = p**3 + 12*p**2 - 1116*p + 5061. Give a(5).
-94
Let d(t) = -5*t**2 - 202*t + 3849. Calculate d(16).
-663
Let w(h) = 4816*h - 4733. What is w(1)?
83
Let q(l) = 31*l**3 - 6023*l**2 + 1745*l + 205. What is q(194)?
11
Let a(c) = -c**2 - 5699*c - 220796. Determine a(-39).
-56
Let b(d) = -2*d**3 - 20*d**2 - 24*d + 103. What is b(-6)?
-41
Let z(m) = 66767*m + 4406616. Calculate z(-66).
-6
Let a(c) = 4*c**3 - 1870*c**2 - 962*c + 12147. Determine a(468).
-21
Let k(g) = g**3 + 14*g**2 + 1567*g + 20221. Determine k(-13).
19
Let p(s) = -220*s + 7939. Calculate p(36).
19
Let t(v) = 24*v**2 + 3590*v + 32209. Calculate t(-140).
9
Let d(o) = 1799*o + 304144. Calculate d(-169).
113
Let y(a) = -a**3 - 133*a**2 + 822*a + 5. What is y(6)?
-67
Let f(b) = 819*b - 70479. What is f(86)?
-45
Let h(d) = 5*d**2 + 76156*d + 989206. What is h(-13)?
23
Let l(f) = 1835*f**2 + 9170*f - 22. What is l(-5)?
3
Let z(v) = -12*v**2 + 1585*v - 3169. Determine z(2).
-47
Let n(h) = 230630*h + 461260. Give n(-2).
0
Let p(i) = i**3 - i**2 + 8*i - 2061. What is p(0)?
-2061
Let t(s) = -32*s - 1845. What is t(-59)?
43
Let n(q) = -q**3 + 31*q**2 - 89*q + 1786. Calculate n(31).
-973
Let n(b) = -96943*b + 193880. Calculate n(2).
-6
Let t(s) = -s**3 - 40*s**2 + 160*s + 142. What is t(-43)?
-1191
Let b(s) = 126*s + 2725. Determine b(-28).
-803
Let u(z) = -103039*z + 721279. Give u(7).
6
Let n(l) = 75*l - 6758. Give n(89).
-83
Let m(k) = -k**3 - 12*k**2 + 41*k + 591. Determine m(-12).
99
Let l(j) = 1342*j - 7404. What is l(6)?
648
Let o(i) = 8258*i - 239605. What is o(29)?
-123
Let w(s) = s**3 - 25*s**2 + 569*s - 3030. What is w(7)?
71
Let o(a) = 25*a**2 - 16578*a - 33175. Calculate o(-2).
81
Let s(w) = -1512*w + 471751. Calculate s(312).
7
Let w(q) = -4*q**3 + 6*q**2 + 6*q + 39. Give w(-4).
367
Let h(d) = -1281*d - 44876. What is h(-35)?
-41
Let y(l) = -l**2 - 110*l + 1017. Determine y(-103).
1738
Let h(v) = -3*v**2 - 159*v - 3070. Calculate h(-20).
-1090
Let y(r) = 316*r - 24708. What is y(78)?
-60
Let p(u) = 6819*u + 41010. Calculate p(-6).
96
Let x(b) = -3*b**2 + 72*b - 489. What is x(20)?
-249
Let y(w) = -w**2 - 37283*w + 410233. Give y(11).
-1
Let i(y) = y**3 + 75*y**2 + 920*y + 699. Determine i(-59).
2115
Let q(u) = 3*u**2 + 466*u + 5297. Determine q(-143).
6
Let f(w) = -218*w**3 - 6*w**2 - 275*w - 272. What is f(-1)?
215
Let u(q) = q**3 - 436*q**2 - 2689*q - 77. Determine u(-6).
145
Let v(z) = 4612*z - 14832. Give v(3).
-996
Let i(u) = -16*u**3 + 1790*u**2 - 883*u - 907. Give i(1).
-16
Let b(o) = 1646*o - 85844. Calculate b(52).
-252
Let b(w) = 6552*w + 79388. Determine b(-12).
764
Let r(k) = 79080*k + 5061085. Determine r(-64).
-35
Let i(n) = -106446*n + 532236. What is i(5)?
6
Let z(p) = 4728*p + 42582. Calculate z(-9).
30
Let l(f) = -14*f**2 + 1429*f + 141. What is l(102)?
243
Let m(h) = h**3 - 8*h**2 + 37*h - 512. Calculate m(12).
508
Let p(o) = o**3 - 14*o**2 - 33*o + 368. What is p(4)?
76
Let r(p) = 151*p**3 - 133*p**2 - 41*p + 33. Determine r(1).
10
Let i(q) = -4*q**2 - 244*q - 3543. Give i(-20).
-263
Let c(j) = -28716*j + 2326169. Calculate c(81).
173
Let j(f) = f**3 + 7*f**2 + 59*f - 591. What is j(7)?
508
Let y(z) = -62005*z + 744190. Determine y(12).
130
Let t(z) = 2*z**2 + 1297*z + 53306. Give t(-44).
110
Let r(h) = 45120*h - 13129920. Determine r(291).
0
Let h(f) = 3*f**2 + 523*f + 15185. Determine h(-135).
-745
Let z(w) = -2*w**3 + 25*w**2 - 20*w - 19. Calculate z(5).
256
Let h(z) = 22574*z - 22576. What is h(1)?
-2
Let w(b) = -2*b**2 + 1489*b - 104589. Calculate w(666).
-27
Let h(p) = 8*p**3 + 111*p**2 - 2385*p - 33166. Calculate h(-14).
28
Let n(k) = k**3 + 90*k**2 + 1499*k + 1085. Calculate n(-21).
35
Let t(d) = d**3 - 19*d**2 - 222*d - 802. What is t(28)?
38
Let x(q) = -11*q**2 + 5488*q + 10986. Determine x(-2).
-34
Let r(x) = -x**2 - 1294*x - 34178. What is r(-27)?
31
Let m(b) = 4433*b - 78. Calculate m(0).
-78
Let g(n) = 160*n**2 + 17*n + 18. Determine g(-1).
161
Let z(k) = -9*k**2 + 3128*k + 28892. Give z(-9).
11
Let y(w) = w**3 + 209*w**2 + 3864*w + 48252. What is y(-190)?
-8
Let u(g) = 69*g - 6148. What is u(83)?
-421
Let a(n) = 313195*n + 2192446. What is a(-7)?
81
Let s(p) = 5*p**3 - 108*p**2 - 176*p + 2851. Give s(22).
-53
Let r(z) = -2*z**2 - 391*z - 985. Determine r(-205).
-4880
Let f(k) = -2*k**2 - 36*k + 2012. Calculate f(-42).
-4
Let t(j) = -54351*j - 16196592. Give t(-298).
6
Let f(i) = -1116*i + 5508. Determine f(5).
-72
Let m(l) = l**2 + 628*l - 11224. Calculate m(17).
-259
Let h(r) = 8894*r + 506966. Determine h(-57).
8
Let x(h) = 3871*h - 139333. Determine x(36).
23
Let k(x) = 4170*x - 1075860. Determine k(258).
0
Let q(r) = r**3 + 234*r**2 - 280*r - 4187. Calculate q(-235).
6388
Let h(r) = -3*r**2 + 543*r + 13529. What is h(203)?
131
Let k(f) = f**3 + 86*f**2 - 64*f + 2535. Determine k(-87).
534
Let h(y) = 3*y**3 - 629*y**2 + 1040*y - 16. What is h(208)?
-16
Let g(v) = -19*v + 2350. Determine g(89).
659
Let u(y) = 4017*y + 7865. What is u(-2)?
-169
Let w(n) = 28*n**2 - 228*n + 693. What is w(3)?
261
Let k(q) = 4*q**3 - 54*q**2 + 73*q - 729. What is k(13)?
-118
Let i(c) = 2*c**2 + 795*c + 19875. Give i(-371).
212
Let r(t) = -2*t**3 + 285*t**2 + 1615*t + 1735. Calculate r(148).
-189
Let b(t) = 32199*t + 32892. What is b(-1)?
693
Let x(i) = 29*i**2 + 526*i - 5907. Give x(-26).
21
Let v(u) = 14837*u 